{"id":49290,"date":"2024-03-29T17:42:56","date_gmt":"2024-03-29T16:42:56","guid":{"rendered":"https:\/\/labesaya.com\/?post_type=product&#038;p=49290"},"modified":"2024-04-02T12:17:57","modified_gmt":"2024-04-02T10:17:57","slug":"slab-wood-coffee-table","status":"publish","type":"product","link":"https:\/\/labesaya.com\/es\/producto\/slab-wood-coffee-table\/","title":{"rendered":"Mesa de centro de losa de pino negral"},"content":{"rendered":"<div data-elementor-type=\"product-post\" data-elementor-id=\"49290\" class=\"elementor elementor-49290\" data-elementor-post-type=\"product\">\n\t\t\t\t\t\t<section class=\"elementor-section elementor-top-section elementor-element elementor-element-5bb46d6 elementor-section-boxed elementor-section-height-default elementor-section-height-default\" data-id=\"5bb46d6\" data-element_type=\"section\">\n\t\t\t\t\t\t<div class=\"elementor-container elementor-column-gap-default\">\n\t\t\t\t\t<div class=\"elementor-column elementor-col-100 elementor-top-column elementor-element elementor-element-4e9e21ae\" data-id=\"4e9e21ae\" data-element_type=\"column\">\n\t\t\t<div class=\"elementor-widget-wrap elementor-element-populated\">\n\t\t\t\t\t\t<section class=\"elementor-section elementor-inner-section elementor-element elementor-element-7214e84a elementor-section-boxed elementor-section-height-default elementor-section-height-default\" data-id=\"7214e84a\" data-element_type=\"section\">\n\t\t\t\t\t\t<div class=\"elementor-container elementor-column-gap-default\">\n\t\t\t\t\t<div class=\"elementor-column elementor-col-50 elementor-inner-column elementor-element elementor-element-9718ec4\" data-id=\"9718ec4\" data-element_type=\"column\">\n\t\t\t<div class=\"elementor-widget-wrap elementor-element-populated\">\n\t\t\t\t\t\t<div class=\"elementor-element elementor-element-7205b933 elementor-widget__width-initial content-align-left the7-hover-visibility-disabled transform-overlay-yes exceeding-frame-yes elementor-widget elementor-widget-the7-image-widget\" data-id=\"7205b933\" data-element_type=\"widget\" data-settings=\"{&quot;hover_visibility&quot;:&quot;disabled&quot;}\" data-widget_type=\"the7-image-widget.default\">\n\t\t\t\t<div class=\"elementor-widget-container\">\n\t\t\t\t\t<div class=\"the7-image-container\"><div class=\"the7-image-wrapper the7-elementor-widget the7-transform-container\"><div class=\"post-thumbnail-rollover layzr-bg img-css-resize-wrapper\"><img fetchpriority=\"high\" decoding=\"async\" width=\"1928\" height=\"2560\" src=\"data:image\/svg+xml,%3Csvg%20xmlns%3D&#039;http%3A%2F%2Fwww.w3.org%2F2000%2Fsvg&#039;%20viewBox%3D&#039;0%200%201928%202560&#039;%2F%3E\" class=\"attachment-full size-full preload-me aspect lazy lazy-load\" alt=\"Slab wood coffee table, low coffeee table, farmhouse style furniture, countryside table\" sizes=\"(max-width: 1928px) 100vw, 1928px\" style=\"--ratio: 1928 \/ 2560;\" data-src=\"https:\/\/labesaya.com\/wp-content\/uploads\/2024\/03\/PXL_20240326_1604083292-scaled.jpg\" loading=\"eager\" data-srcset=\"https:\/\/labesaya.com\/wp-content\/uploads\/2024\/03\/PXL_20240326_1604083292-scaled.jpg 1928w, https:\/\/labesaya.com\/wp-content\/uploads\/2024\/03\/PXL_20240326_1604083292-226x300.jpg 226w, https:\/\/labesaya.com\/wp-content\/uploads\/2024\/03\/PXL_20240326_1604083292-771x1024.jpg 771w, https:\/\/labesaya.com\/wp-content\/uploads\/2024\/03\/PXL_20240326_1604083292-768x1020.jpg 768w, https:\/\/labesaya.com\/wp-content\/uploads\/2024\/03\/PXL_20240326_1604083292-1157x1536.jpg 1157w, https:\/\/labesaya.com\/wp-content\/uploads\/2024\/03\/PXL_20240326_1604083292-1542x2048.jpg 1542w, https:\/\/labesaya.com\/wp-content\/uploads\/2024\/03\/PXL_20240326_1604083292-9x12.jpg 9w, https:\/\/labesaya.com\/wp-content\/uploads\/2024\/03\/PXL_20240326_1604083292-1200x1594.jpg 1200w\" \/><\/div><\/div><\/div>\t\t\t\t<\/div>\n\t\t\t\t<\/div>\n\t\t\t\t\t<\/div>\n\t\t<\/div>\n\t\t\t\t<div class=\"elementor-column elementor-col-50 elementor-inner-column elementor-element elementor-element-37eaa7cd\" data-id=\"37eaa7cd\" data-element_type=\"column\">\n\t\t\t<div class=\"elementor-widget-wrap elementor-element-populated\">\n\t\t\t\t\t\t<div class=\"elementor-element elementor-element-a8904b8 elementor-widget__width-initial elementor-widget elementor-widget-text-editor\" data-id=\"a8904b8\" data-element_type=\"widget\" data-widget_type=\"text-editor.default\">\n\t\t\t\t<div class=\"elementor-widget-container\">\n\t\t\t\t\t\t\t\t\t<h2>Recuerdos del pueblo<\/h2><p>Esta mesa de centro encarna la simplicidad y la belleza natural con su dise\u00f1o de madera de pino negro centenario de Castilla-La Mancha. Con un estilo r\u00fastico aut\u00e9ntico, cada veta cuenta una historia \u00fanica, creando un punto focal cautivador en cualquier espacio. Ideal para disfrutar de momentos especiales, esta mesa ofrece una superficie s\u00f3lida y elegante.<\/p>\t\t\t\t\t\t\t\t<\/div>\n\t\t\t\t<\/div>\n\t\t\t\t\t<\/div>\n\t\t<\/div>\n\t\t\t\t\t<\/div>\n\t\t<\/section>\n\t\t\t\t\t<\/div>\n\t\t<\/div>\n\t\t\t\t\t<\/div>\n\t\t<\/section>\n\t\t\t\t<section class=\"elementor-section elementor-inner-section elementor-element elementor-element-4ec2bc9f elementor-section-boxed elementor-section-height-default elementor-section-height-default\" data-id=\"4ec2bc9f\" data-element_type=\"section\">\n\t\t\t\t\t\t<div class=\"elementor-container elementor-column-gap-default\">\n\t\t\t\t\t<div class=\"elementor-column elementor-col-50 elementor-inner-column elementor-element elementor-element-38786338\" data-id=\"38786338\" data-element_type=\"column\">\n\t\t\t<div class=\"elementor-widget-wrap elementor-element-populated\">\n\t\t\t\t\t\t<div class=\"elementor-element elementor-element-1870cf9b elementor-widget elementor-widget-text-editor\" data-id=\"1870cf9b\" data-element_type=\"widget\" data-widget_type=\"text-editor.default\">\n\t\t\t\t<div class=\"elementor-widget-container\">\n\t\t\t\t\t\t\t\t\t<h2>Las cosas buenas duran para siempre<\/h2><p>T<span style=\"background-color: rgba(255, 255, 255, 0); color: var(--the7-base-color); letter-spacing: var(--the7-base-letter-spacing); text-transform: var(--the7-base-text-transform); word-spacing: normal;\">Para garantizar la longevidad de tu estante, hemos tomado medidas adicionales para proteger la madera recuperada. La superficie est\u00e1 recubierta con un barniz resistente o una cera resistente a la intemperie, protegi\u00e9ndola contra los elementos. Sin embargo, ten en cuenta que la exposici\u00f3n excesiva y prolongada al agua a\u00fan puede representar un riesgo para la madera.<\/span><\/p>\t\t\t\t\t\t\t\t<\/div>\n\t\t\t\t<\/div>\n\t\t\t\t\t<\/div>\n\t\t<\/div>\n\t\t\t\t<div class=\"elementor-column elementor-col-50 elementor-inner-column elementor-element elementor-element-1619c0d6\" data-id=\"1619c0d6\" data-element_type=\"column\">\n\t\t\t<div class=\"elementor-widget-wrap elementor-element-populated\">\n\t\t\t\t\t\t<div class=\"elementor-element elementor-element-29e9a790 elementor-widget elementor-widget-image\" data-id=\"29e9a790\" data-element_type=\"widget\" data-widget_type=\"image.default\">\n\t\t\t\t<div class=\"elementor-widget-container\">\n\t\t\t\t\t\t\t\t\t\t\t\t\t\t\t<img decoding=\"async\" src=\"https:\/\/labesaya.com\/wp-content\/uploads\/2023\/09\/varnishing.jpeg\" title=\"varnishing\" alt=\"varnishing\" loading=\"lazy\" \/>\t\t\t\t\t\t\t\t\t\t\t\t\t\t\t<\/div>\n\t\t\t\t<\/div>\n\t\t\t\t\t<\/div>\n\t\t<\/div>\n\t\t\t\t\t<\/div>\n\t\t<\/section>\n\t\t\t\t<section class=\"elementor-section elementor-inner-section elementor-element elementor-element-7fa7ec46 elementor-section-boxed elementor-section-height-default elementor-section-height-default\" data-id=\"7fa7ec46\" data-element_type=\"section\">\n\t\t\t\t\t\t<div class=\"elementor-container elementor-column-gap-default\">\n\t\t\t\t\t<div class=\"elementor-column elementor-col-50 elementor-inner-column elementor-element elementor-element-7d582ad7\" data-id=\"7d582ad7\" data-element_type=\"column\">\n\t\t\t<div class=\"elementor-widget-wrap elementor-element-populated\">\n\t\t\t\t\t\t<div class=\"elementor-element elementor-element-2ef83f90 content-align-left icon-box-vertical-align-top icon-position-left icon-vertical-align-start elementor-widget elementor-widget-the7_icon_box_widget\" data-id=\"2ef83f90\" data-element_type=\"widget\" data-widget_type=\"the7_icon_box_widget.default\">\n\t\t\t\t<div class=\"elementor-widget-container\">\n\t\t\t\t\t\n\t\t<div class=\"the7-box-wrapper the7-elementor-widget the7_icon_box_widget-2ef83f90\">\t\t\t<div class=\"box-content-wrapper\">\n\t\t\t\t\t\t\t\t\t<a class=\"elementor-icon-div\" >\t\t\t\t\t\t<div class=\"elementor-icon\">\n\t\t\t\t\t\t\t<i aria-hidden=\"true\" class=\"fas fa-leaf\"><\/i>\t\t\t\t\t\t<\/div>\n\t\t\t\t\t<\/a>\t\t\t\t\t\t\t\t<div class=\"box-content\">\n\t\t\t\t\t\t\t\t\t\t\t\t\t\t\t\t\t<h4 class=\"box-heading\">\n\t\t\t\t\t\t\t<a >\t\t\t\t\t\t\t\tMadera de fuentes sostenibles.\t\t\t\t\t\t\t<\/a>\t\t\t\t\t\t<\/h4>\n\t\t\t\t\t\t\t\t\t\t\t\t\t\t\t\t<div class=\"box-description\">Nos aseguramos de utilizar madera proveniente de fuentes responsables y promovemos el reciclaje como medio para conservar los bosques, reducir los residuos y apoyar la sostenibilidad.<\/div>\n\t\t\t\t\t\n\t\t\t\t\t\n\t\t\t\t<\/div>\n\t\t\t<\/div>\n\t\t<\/div>\t\t\t\t\t<\/div>\n\t\t\t\t<\/div>\n\t\t\t\t\t<\/div>\n\t\t<\/div>\n\t\t\t\t<div class=\"elementor-column elementor-col-50 elementor-inner-column elementor-element elementor-element-4f629ef5\" data-id=\"4f629ef5\" data-element_type=\"column\">\n\t\t\t<div class=\"elementor-widget-wrap elementor-element-populated\">\n\t\t\t\t\t\t<div class=\"elementor-element elementor-element-fe670ea content-align-left icon-box-vertical-align-top icon-position-left icon-vertical-align-start elementor-widget elementor-widget-the7_icon_box_widget\" data-id=\"fe670ea\" data-element_type=\"widget\" data-widget_type=\"the7_icon_box_widget.default\">\n\t\t\t\t<div class=\"elementor-widget-container\">\n\t\t\t\t\t\n\t\t<div class=\"the7-box-wrapper the7-elementor-widget the7_icon_box_widget-fe670ea\">\t\t\t<div class=\"box-content-wrapper\">\n\t\t\t\t\t\t\t\t\t<a class=\"elementor-icon-div\" >\t\t\t\t\t\t<div class=\"elementor-icon\">\n\t\t\t\t\t\t\t<i aria-hidden=\"true\" class=\"far fa-clock\"><\/i>\t\t\t\t\t\t<\/div>\n\t\t\t\t\t<\/a>\t\t\t\t\t\t\t\t<div class=\"box-content\">\n\t\t\t\t\t\t\t\t\t\t\t\t\t\t\t\t\t<h4 class=\"box-heading\">\n\t\t\t\t\t\t\t<a >\t\t\t\t\t\t\t\tHecho para ti\t\t\t\t\t\t\t<\/a>\t\t\t\t\t\t<\/h4>\n\t\t\t\t\t\t\t\t\t\t\t\t\t\t\t\t<div class=\"box-description\">Lo hacemos como lo deseas y lo m\u00e1s r\u00e1pido posible, sin comprometer la calidad.<\/div>\n\t\t\t\t\t\n\t\t\t\t\t\n\t\t\t\t<\/div>\n\t\t\t<\/div>\n\t\t<\/div>\t\t\t\t\t<\/div>\n\t\t\t\t<\/div>\n\t\t\t\t\t<\/div>\n\t\t<\/div>\n\t\t\t\t\t<\/div>\n\t\t<\/section>\n\t\t\t\t<\/div>","protected":false},"excerpt":{"rendered":"<p>Esta mesa de centro representa la simplicidad y la belleza natural. Es una losa de pino negro de cien a\u00f1os de antig\u00fcedad<\/p>\n<ul>\n<li>Altura - 35cm<\/li>\n<li>Anchura: 38cm<\/li>\n<li>Longitud: 85cm<\/li>\n<\/ul>","protected":false},"featured_media":49292,"template":"","meta":{"om_disable_all_campaigns":false,"_monsterinsights_skip_tracking":false,"_monsterinsights_sitenote_active":false,"_monsterinsights_sitenote_note":"","_monsterinsights_sitenote_category":0},"product_brand":[],"product_cat":[209],"product_tag":[406,467,472,474,470,409,392,415,469,473,475,471,468],"class_list":{"0":"post-49290","1":"product","2":"type-product","3":"status-publish","4":"has-post-thumbnail","6":"product_cat-tables","7":"product_tag-coffee-table","8":"product_tag-coffee-tables","9":"product_tag-live-edge-coffee","10":"product_tag-live-edge-slab","11":"product_tag-low-coffee-table","12":"product_tag-modern-coffee-table","13":"product_tag-reclaimed-wood","14":"product_tag-rustic-coffee-table","15":"product_tag-small-coffee-table","16":"product_tag-table","17":"product_tag-tabletop-wood-slab","18":"product_tag-wood-coffee-table","19":"product_tag-wooden-coffee-table","20":"product_shipping_class-tables-free","22":"first","23":"instock","24":"sale","25":"featured","26":"shipping-taxable","27":"purchasable","28":"product-type-simple"},"aioseo_notices":[],"jetpack_sharing_enabled":true,"_links":{"self":[{"href":"https:\/\/labesaya.com\/es\/wp-json\/wp\/v2\/product\/49290","targetHints":{"allow":["GET"]}}],"collection":[{"href":"https:\/\/labesaya.com\/es\/wp-json\/wp\/v2\/product"}],"about":[{"href":"https:\/\/labesaya.com\/es\/wp-json\/wp\/v2\/types\/product"}],"version-history":[{"count":13,"href":"https:\/\/labesaya.com\/es\/wp-json\/wp\/v2\/product\/49290\/revisions"}],"predecessor-version":[{"id":49324,"href":"https:\/\/labesaya.com\/es\/wp-json\/wp\/v2\/product\/49290\/revisions\/49324"}],"wp:featuredmedia":[{"embeddable":true,"href":"https:\/\/labesaya.com\/es\/wp-json\/wp\/v2\/media\/49292"}],"wp:attachment":[{"href":"https:\/\/labesaya.com\/es\/wp-json\/wp\/v2\/media?parent=49290"}],"wp:term":[{"taxonomy":"product_brand","embeddable":true,"href":"https:\/\/labesaya.com\/es\/wp-json\/wp\/v2\/product_brand?post=49290"},{"taxonomy":"product_cat","embeddable":true,"href":"https:\/\/labesaya.com\/es\/wp-json\/wp\/v2\/product_cat?post=49290"},{"taxonomy":"product_tag","embeddable":true,"href":"https:\/\/labesaya.com\/es\/wp-json\/wp\/v2\/product_tag?post=49290"}],"curies":[{"name":"wp","href":"https:\/\/api.w.org\/{rel}","templated":true}]}}

<div data-elementor-type="product-post" data-elementor-id="49290" class="elementor elementor-49290" data-elementor-post-type="product">
						<section class="elementor-section elementor-top-section elementor-element elementor-element-5bb46d6 elementor-section-boxed elementor-section-height-default elementor-section-height-default" data-id="5bb46d6" data-element_type="section">
						<div class="elementor-container elementor-column-gap-default">
					<div class="elementor-column elementor-col-100 elementor-top-column elementor-element elementor-element-4e9e21ae" data-id="4e9e21ae" data-element_type="column">
			<div class="elementor-widget-wrap elementor-element-populated">
						<section class="elementor-section elementor-inner-section elementor-element elementor-element-7214e84a elementor-section-boxed elementor-section-height-default elementor-section-height-default" data-id="7214e84a" data-element_type="section">
						<div class="elementor-container elementor-column-gap-default">
					<div class="elementor-column elementor-col-50 elementor-inner-column elementor-element elementor-element-9718ec4" data-id="9718ec4" data-element_type="column">
			<div class="elementor-widget-wrap elementor-element-populated">
						<div class="elementor-element elementor-element-7205b933 elementor-widget__width-initial content-align-left the7-hover-visibility-disabled transform-overlay-yes exceeding-frame-yes elementor-widget elementor-widget-the7-image-widget" data-id="7205b933" data-element_type="widget" data-settings="{&quot;hover_visibility&quot;:&quot;disabled&quot;}" data-widget_type="the7-image-widget.default">
				<div class="elementor-widget-container">
					<div class="the7-image-container"><div class="the7-image-wrapper the7-elementor-widget the7-transform-container"><div class="post-thumbnail-rollover layzr-bg img-css-resize-wrapper"><img fetchpriority="high" decoding="async" width="1928" height="2560" src="data:image/svg+xml,%3Csvg%20xmlns%3D&#039;http%3A%2F%2Fwww.w3.org%2F2000%2Fsvg&#039;%20viewBox%3D&#039;0%200%201928%202560&#039;%2F%3E" class="attachment-full size-full preload-me aspect lazy lazy-load" alt="Slab wood coffee table, low coffeee table, farmhouse style furniture, countryside table" sizes="(max-width: 1928px) 100vw, 1928px" style="--ratio: 1928 / 2560;" data-src="https://labesaya.com/wp-content/uploads/2024/03/PXL_20240326_1604083292-scaled.jpg" loading="eager" data-srcset="https://labesaya.com/wp-content/uploads/2024/03/PXL_20240326_1604083292-scaled.jpg 1928w, https://labesaya.com/wp-content/uploads/2024/03/PXL_20240326_1604083292-226x300.jpg 226w, https://labesaya.com/wp-content/uploads/2024/03/PXL_20240326_1604083292-771x1024.jpg 771w, https://labesaya.com/wp-content/uploads/2024/03/PXL_20240326_1604083292-768x1020.jpg 768w, https://labesaya.com/wp-content/uploads/2024/03/PXL_20240326_1604083292-1157x1536.jpg 1157w, https://labesaya.com/wp-content/uploads/2024/03/PXL_20240326_1604083292-1542x2048.jpg 1542w, https://labesaya.com/wp-content/uploads/2024/03/PXL_20240326_1604083292-9x12.jpg 9w, https://labesaya.com/wp-content/uploads/2024/03/PXL_20240326_1604083292-1200x1594.jpg 1200w" /></div></div></div>				</div>
				</div>
					</div>
		</div>
				<div class="elementor-column elementor-col-50 elementor-inner-column elementor-element elementor-element-37eaa7cd" data-id="37eaa7cd" data-element_type="column">
			<div class="elementor-widget-wrap elementor-element-populated">
						<div class="elementor-element elementor-element-a8904b8 elementor-widget__width-initial elementor-widget elementor-widget-text-editor" data-id="a8904b8" data-element_type="widget" data-widget_type="text-editor.default">
				<div class="elementor-widget-container">
									<h2>Recuerdos del pueblo</h2><p>Esta mesa de centro encarna la simplicidad y la belleza natural con su diseño de madera de pino negro centenario de Castilla-La Mancha. Con un estilo rústico auténtico, cada veta cuenta una historia única, creando un punto focal cautivador en cualquier espacio. Ideal para disfrutar de momentos especiales, esta mesa ofrece una superficie sólida y elegante.</p>								</div>
				</div>
					</div>
		</div>
					</div>
		</section>
					</div>
		</div>
					</div>
		</section>
				<section class="elementor-section elementor-inner-section elementor-element elementor-element-4ec2bc9f elementor-section-boxed elementor-section-height-default elementor-section-height-default" data-id="4ec2bc9f" data-element_type="section">
						<div class="elementor-container elementor-column-gap-default">
					<div class="elementor-column elementor-col-50 elementor-inner-column elementor-element elementor-element-38786338" data-id="38786338" data-element_type="column">
			<div class="elementor-widget-wrap elementor-element-populated">
						<div class="elementor-element elementor-element-1870cf9b elementor-widget elementor-widget-text-editor" data-id="1870cf9b" data-element_type="widget" data-widget_type="text-editor.default">
				<div class="elementor-widget-container">
									<h2>Las cosas buenas duran para siempre</h2><p>T<span style="background-color: rgba(255, 255, 255, 0); color: var(--the7-base-color); letter-spacing: var(--the7-base-letter-spacing); text-transform: var(--the7-base-text-transform); word-spacing: normal;">Para garantizar la longevidad de tu estante, hemos tomado medidas adicionales para proteger la madera recuperada. La superficie está recubierta con un barniz resistente o una cera resistente a la intemperie, protegiéndola contra los elementos. Sin embargo, ten en cuenta que la exposición excesiva y prolongada al agua aún puede representar un riesgo para la madera.</span></p>								</div>
				</div>
					</div>
		</div>
				<div class="elementor-column elementor-col-50 elementor-inner-column elementor-element elementor-element-1619c0d6" data-id="1619c0d6" data-element_type="column">
			<div class="elementor-widget-wrap elementor-element-populated">
						<div class="elementor-element elementor-element-29e9a790 elementor-widget elementor-widget-image" data-id="29e9a790" data-element_type="widget" data-widget_type="image.default">
				<div class="elementor-widget-container">
															<img decoding="async" src="https://labesaya.com/wp-content/uploads/2023/09/varnishing.jpeg" title="varnishing" alt="varnishing" loading="lazy" />															</div>
				</div>
					</div>
		</div>
					</div>
		</section>
				<section class="elementor-section elementor-inner-section elementor-element elementor-element-7fa7ec46 elementor-section-boxed elementor-section-height-default elementor-section-height-default" data-id="7fa7ec46" data-element_type="section">
						<div class="elementor-container elementor-column-gap-default">
					<div class="elementor-column elementor-col-50 elementor-inner-column elementor-element elementor-element-7d582ad7" data-id="7d582ad7" data-element_type="column">
			<div class="elementor-widget-wrap elementor-element-populated">
						<div class="elementor-element elementor-element-2ef83f90 content-align-left icon-box-vertical-align-top icon-position-left icon-vertical-align-start elementor-widget elementor-widget-the7_icon_box_widget" data-id="2ef83f90" data-element_type="widget" data-widget_type="the7_icon_box_widget.default">
				<div class="elementor-widget-container">
					
		<div class="the7-box-wrapper the7-elementor-widget the7_icon_box_widget-2ef83f90">			<div class="box-content-wrapper">
									<a class="elementor-icon-div" >						<div class="elementor-icon">
							<i aria-hidden="true" class="fas fa-leaf"></i>						</div>
					</a>								<div class="box-content">
																	<h4 class="box-heading">
							<a >								Madera de fuentes sostenibles.							</a>						</h4>
																<div class="box-description">Nos aseguramos de utilizar madera proveniente de fuentes responsables y promovemos el reciclaje como medio para conservar los bosques, reducir los residuos y apoyar la sostenibilidad.</div>
					
					
				</div>
			</div>
		</div>					</div>
				</div>
					</div>
		</div>
				<div class="elementor-column elementor-col-50 elementor-inner-column elementor-element elementor-element-4f629ef5" data-id="4f629ef5" data-element_type="column">
			<div class="elementor-widget-wrap elementor-element-populated">
						<div class="elementor-element elementor-element-fe670ea content-align-left icon-box-vertical-align-top icon-position-left icon-vertical-align-start elementor-widget elementor-widget-the7_icon_box_widget" data-id="fe670ea" data-element_type="widget" data-widget_type="the7_icon_box_widget.default">
				<div class="elementor-widget-container">
					
		<div class="the7-box-wrapper the7-elementor-widget the7_icon_box_widget-fe670ea">			<div class="box-content-wrapper">
									<a class="elementor-icon-div" >						<div class="elementor-icon">
							<i aria-hidden="true" class="far fa-clock"></i>						</div>
					</a>								<div class="box-content">
																	<h4 class="box-heading">
							<a >								Hecho para ti							</a>						</h4>
																<div class="box-description">Lo hacemos como lo deseas y lo más rápido posible, sin comprometer la calidad.</div>
					
					
				</div>
			</div>
		</div>					</div>
				</div>
					</div>
		</div>
					</div>
		</section>
				</div>

<p>Esta mesa de centro representa la simplicidad y la belleza natural. Es una losa de pino negro de cien años de antigüedad</p>
<ul>
<li>Altura - 35cm</li>
<li>Anchura: 38cm</li>
<li>Longitud: 85cm</li>
</ul>
