{"id":49157,"date":"2024-02-29T10:08:08","date_gmt":"2024-02-29T09:08:08","guid":{"rendered":"https:\/\/labesaya.com\/?post_type=product&#038;p=49157"},"modified":"2024-02-29T11:23:33","modified_gmt":"2024-02-29T10:23:33","slug":"wall-mountain-shelves","status":"publish","type":"product","link":"https:\/\/labesaya.com\/es\/producto\/wall-mountain-shelves\/","title":{"rendered":"Estanter\u00edas de monta\u00f1a"},"content":{"rendered":"<div data-elementor-type=\"product-post\" data-elementor-id=\"49157\" class=\"elementor elementor-49157\" data-elementor-post-type=\"product\">\n\t\t\t\t\t\t<section class=\"elementor-section elementor-inner-section elementor-element elementor-element-41c1f51a elementor-section-boxed elementor-section-height-default elementor-section-height-default\" data-id=\"41c1f51a\" data-element_type=\"section\">\n\t\t\t\t\t\t<div class=\"elementor-container elementor-column-gap-default\">\n\t\t\t\t\t<div class=\"elementor-column elementor-col-50 elementor-inner-column elementor-element elementor-element-14f4738a\" data-id=\"14f4738a\" data-element_type=\"column\">\n\t\t\t<div class=\"elementor-widget-wrap elementor-element-populated\">\n\t\t\t\t\t\t<div class=\"elementor-element elementor-element-65dae8de elementor-widget elementor-widget-image\" data-id=\"65dae8de\" data-element_type=\"widget\" data-widget_type=\"image.default\">\n\t\t\t\t<div class=\"elementor-widget-container\">\n\t\t\t\t\t\t\t\t\t\t\t\t\t\t\t<img decoding=\"async\" src=\"https:\/\/labesaya.com\/wp-content\/uploads\/2024\/02\/Mountain-Shelves-8-scaled.jpg\" title=\"Mountain-Shelves-8\" alt=\"A hand placing a plant pot on a wooden shelf. Shelf has shape of mountains, with various compartments\" loading=\"lazy\" \/>\t\t\t\t\t\t\t\t\t\t\t\t\t\t\t<\/div>\n\t\t\t\t<\/div>\n\t\t\t\t\t<\/div>\n\t\t<\/div>\n\t\t\t\t<div class=\"elementor-column elementor-col-50 elementor-inner-column elementor-element elementor-element-378bfe8b\" data-id=\"378bfe8b\" data-element_type=\"column\">\n\t\t\t<div class=\"elementor-widget-wrap elementor-element-populated\">\n\t\t\t\t\t\t<div class=\"elementor-element elementor-element-5a1f23d3 elementor-widget elementor-widget-text-editor\" data-id=\"5a1f23d3\" data-element_type=\"widget\" data-widget_type=\"text-editor.default\">\n\t\t\t\t<div class=\"elementor-widget-container\">\n\t\t\t\t\t\t\t\t\t<h2>Muestra lo que te importa<\/h2><p>Fabricado con madera recuperada, cada estante destaca los nudos naturales, las vetas y las peculiaridades de la madera, proporcionando a tu espacio car\u00e1cter y una autenticidad \u00fanica. El uso de materiales recuperados no solo promueve un estilo de vida m\u00e1s sostenible, sino que tambi\u00e9n garantiza que cada estante cuente con su propia historia.<\/p>\t\t\t\t\t\t\t\t<\/div>\n\t\t\t\t<\/div>\n\t\t\t\t\t<\/div>\n\t\t<\/div>\n\t\t\t\t\t<\/div>\n\t\t<\/section>\n\t\t\t\t<section class=\"elementor-section elementor-top-section elementor-element elementor-element-5e817fda elementor-section-boxed elementor-section-height-default elementor-section-height-default\" data-id=\"5e817fda\" data-element_type=\"section\">\n\t\t\t\t\t\t<div class=\"elementor-container elementor-column-gap-default\">\n\t\t\t\t\t<div class=\"elementor-column elementor-col-100 elementor-top-column elementor-element elementor-element-7bd14cf3\" data-id=\"7bd14cf3\" data-element_type=\"column\">\n\t\t\t<div class=\"elementor-widget-wrap elementor-element-populated\">\n\t\t\t\t\t\t<section class=\"elementor-section elementor-inner-section elementor-element elementor-element-6bf68415 elementor-section-boxed elementor-section-height-default elementor-section-height-default\" data-id=\"6bf68415\" data-element_type=\"section\">\n\t\t\t\t\t\t<div class=\"elementor-container elementor-column-gap-default\">\n\t\t\t\t\t<div class=\"elementor-column elementor-col-50 elementor-inner-column elementor-element elementor-element-64a7f6e3\" data-id=\"64a7f6e3\" data-element_type=\"column\">\n\t\t\t<div class=\"elementor-widget-wrap elementor-element-populated\">\n\t\t\t\t\t\t<div class=\"elementor-element elementor-element-2d00097f elementor-widget__width-initial elementor-widget elementor-widget-text-editor\" data-id=\"2d00097f\" data-element_type=\"widget\" data-widget_type=\"text-editor.default\">\n\t\t\t\t<div class=\"elementor-widget-container\">\n\t\t\t\t\t\t\t\t\t<h2>Soluci\u00f3n vers\u00e1til<\/h2><p>Ideal para sal\u00f3n o cualquier habitaci\u00f3n que busque una acogedora atm\u00f3sfera inspirada en la monta\u00f1a. Estas estanter\u00edas ofrecen una soluci\u00f3n pr\u00e1ctica para organizar y exhibir tus objetos preciados. Ya sea mostrando peque\u00f1as plantas y objetos decorativos en tu sal\u00f3n<\/p>\t\t\t\t\t\t\t\t<\/div>\n\t\t\t\t<\/div>\n\t\t\t\t\t<\/div>\n\t\t<\/div>\n\t\t\t\t<div class=\"elementor-column elementor-col-50 elementor-inner-column elementor-element elementor-element-30244a3\" data-id=\"30244a3\" data-element_type=\"column\">\n\t\t\t<div class=\"elementor-widget-wrap elementor-element-populated\">\n\t\t\t\t\t\t<div class=\"elementor-element elementor-element-33f6a2f2 elementor-widget__width-initial content-align-left the7-hover-visibility-disabled transform-overlay-yes exceeding-frame-yes elementor-widget elementor-widget-the7-image-widget\" data-id=\"33f6a2f2\" data-element_type=\"widget\" data-settings=\"{&quot;hover_visibility&quot;:&quot;disabled&quot;}\" data-widget_type=\"the7-image-widget.default\">\n\t\t\t\t<div class=\"elementor-widget-container\">\n\t\t\t\t\t<div class=\"the7-image-container\"><div class=\"the7-image-wrapper the7-elementor-widget the7-transform-container\"><div class=\"post-thumbnail-rollover layzr-bg img-css-resize-wrapper\"><img fetchpriority=\"high\" decoding=\"async\" width=\"2223\" height=\"2222\" src=\"data:image\/svg+xml,%3Csvg%20xmlns%3D&#039;http%3A%2F%2Fwww.w3.org%2F2000%2Fsvg&#039;%20viewBox%3D&#039;0%200%202223%202222&#039;%2F%3E\" class=\"attachment-full size-full preload-me aspect lazy lazy-load\" alt=\"Wall mountains shelf, plant pots, two colors of wood\" sizes=\"(max-width: 2223px) 100vw, 2223px\" style=\"--ratio: 2223 \/ 2222;\" data-src=\"https:\/\/labesaya.com\/wp-content\/uploads\/2024\/02\/Mountain-Shelves-3.jpg\" loading=\"eager\" data-srcset=\"https:\/\/labesaya.com\/wp-content\/uploads\/2024\/02\/Mountain-Shelves-3.jpg 2223w, https:\/\/labesaya.com\/wp-content\/uploads\/2024\/02\/Mountain-Shelves-3-300x300.jpg 300w, https:\/\/labesaya.com\/wp-content\/uploads\/2024\/02\/Mountain-Shelves-3-1024x1024.jpg 1024w, https:\/\/labesaya.com\/wp-content\/uploads\/2024\/02\/Mountain-Shelves-3-150x150.jpg 150w, https:\/\/labesaya.com\/wp-content\/uploads\/2024\/02\/Mountain-Shelves-3-768x768.jpg 768w, https:\/\/labesaya.com\/wp-content\/uploads\/2024\/02\/Mountain-Shelves-3-1536x1536.jpg 1536w, https:\/\/labesaya.com\/wp-content\/uploads\/2024\/02\/Mountain-Shelves-3-2048x2048.jpg 2048w, https:\/\/labesaya.com\/wp-content\/uploads\/2024\/02\/Mountain-Shelves-3-12x12.jpg 12w, https:\/\/labesaya.com\/wp-content\/uploads\/2024\/02\/Mountain-Shelves-3-1200x1199.jpg 1200w, https:\/\/labesaya.com\/wp-content\/uploads\/2024\/02\/Mountain-Shelves-3-200x200.jpg 200w\" \/><\/div><\/div><\/div>\t\t\t\t<\/div>\n\t\t\t\t<\/div>\n\t\t\t\t\t<\/div>\n\t\t<\/div>\n\t\t\t\t\t<\/div>\n\t\t<\/section>\n\t\t\t\t\t<\/div>\n\t\t<\/div>\n\t\t\t\t\t<\/div>\n\t\t<\/section>\n\t\t\t\t<section class=\"elementor-section elementor-inner-section elementor-element elementor-element-704578b5 elementor-section-boxed elementor-section-height-default elementor-section-height-default\" data-id=\"704578b5\" data-element_type=\"section\">\n\t\t\t\t\t\t<div class=\"elementor-container elementor-column-gap-default\">\n\t\t\t\t\t<div class=\"elementor-column elementor-col-50 elementor-inner-column elementor-element elementor-element-1338bb7c\" data-id=\"1338bb7c\" data-element_type=\"column\">\n\t\t\t<div class=\"elementor-widget-wrap elementor-element-populated\">\n\t\t\t\t\t\t<div class=\"elementor-element elementor-element-41aab98f elementor-widget elementor-widget-image\" data-id=\"41aab98f\" data-element_type=\"widget\" data-widget_type=\"image.default\">\n\t\t\t\t<div class=\"elementor-widget-container\">\n\t\t\t\t\t\t\t\t\t\t\t\t\t\t\t<img decoding=\"async\" src=\"https:\/\/labesaya.com\/wp-content\/uploads\/2023\/09\/varnishing.jpeg\" title=\"varnishing\" alt=\"varnishing\" loading=\"lazy\" \/>\t\t\t\t\t\t\t\t\t\t\t\t\t\t\t<\/div>\n\t\t\t\t<\/div>\n\t\t\t\t\t<\/div>\n\t\t<\/div>\n\t\t\t\t<div class=\"elementor-column elementor-col-50 elementor-inner-column elementor-element elementor-element-54eea1bf\" data-id=\"54eea1bf\" data-element_type=\"column\">\n\t\t\t<div class=\"elementor-widget-wrap elementor-element-populated\">\n\t\t\t\t\t\t<div class=\"elementor-element elementor-element-7592221a elementor-widget elementor-widget-text-editor\" data-id=\"7592221a\" data-element_type=\"widget\" data-widget_type=\"text-editor.default\">\n\t\t\t\t<div class=\"elementor-widget-container\">\n\t\t\t\t\t\t\t\t\t<h2>Las cosas buenas duran para siempre<\/h2>\n<p class=\"translation-block\"><span style=\"color: var(--the7-base-color);letter-spacing: var(--the7-base-letter-spacing);text-transform: var(--the7-base-text-transform)\">Para garantizar la longevidad de la estanter\u00eda, hemos tomado medidas adicionales para proteger la madera recuperada. La superficie est\u00e1 recubierta con un barniz resistente o una cera resistente a la intemperie, lo que la protege contra los elementos. Sin embargo, tenga en cuenta que una exposici\u00f3n excesiva y prolongada al agua todav\u00eda puede representar un riesgo para la madera.Para garantizar la longevidad de la estanter\u00eda, hemos tomado medidas adicionales para proteger la madera recuperada. La superficie est\u00e1 recubierta con un barniz resistente o una cera resistente a la intemperie, lo que la protege contra los elementos. Sin embargo, tenga en cuenta que una exposici\u00f3n excesiva y prolongada al agua todav\u00eda puede representar un riesgo para la madera.<\/p>\t\t\t\t\t\t\t\t<\/div>\n\t\t\t\t<\/div>\n\t\t\t\t\t<\/div>\n\t\t<\/div>\n\t\t\t\t\t<\/div>\n\t\t<\/section>\n\t\t\t\t<\/div>","protected":false},"excerpt":{"rendered":"<p>Una pieza de decoraci\u00f3n de madera recuperada que aporta un encanto r\u00fastico a cualquier espacio. Elaboradas con cuidado y atenci\u00f3n al detalle, estas estanter\u00edas de madera sirven tanto un prop\u00f3sito funcional como ofrecen un toque distintivo a tu hogar<\/p>\n<p>&#8211; Handcrafted from reclaimed wood<br \/>\n&#8211; Versatile and functional for various spaces<br \/>\n&#8211; Ideal for nursery decor or as a distinctive wall accent<\/p>\n<p>Dimensiones:<\/p>\n<ul>\n<li>Width: 82cm (32&#8243;)<\/li>\n<li>Height: 45cm (17.5&#8243;)<\/li>\n<li>Depth: 8cm (3.1&#8243;)<\/li>\n<\/ul>","protected":false},"featured_media":49162,"template":"","meta":{"om_disable_all_campaigns":false,"_monsterinsights_skip_tracking":false,"_monsterinsights_sitenote_active":false,"_monsterinsights_sitenote_note":"","_monsterinsights_sitenote_category":0},"product_brand":[],"product_cat":[211],"product_tag":[],"class_list":{"0":"post-49157","1":"product","2":"type-product","3":"status-publish","4":"has-post-thumbnail","6":"product_cat-shelves","7":"product_shipping_class-medium","9":"first","10":"instock","11":"sale","12":"featured","13":"shipping-taxable","14":"purchasable","15":"product-type-simple"},"aioseo_notices":[],"jetpack_sharing_enabled":true,"_links":{"self":[{"href":"https:\/\/labesaya.com\/es\/wp-json\/wp\/v2\/product\/49157","targetHints":{"allow":["GET"]}}],"collection":[{"href":"https:\/\/labesaya.com\/es\/wp-json\/wp\/v2\/product"}],"about":[{"href":"https:\/\/labesaya.com\/es\/wp-json\/wp\/v2\/types\/product"}],"version-history":[{"count":17,"href":"https:\/\/labesaya.com\/es\/wp-json\/wp\/v2\/product\/49157\/revisions"}],"predecessor-version":[{"id":49192,"href":"https:\/\/labesaya.com\/es\/wp-json\/wp\/v2\/product\/49157\/revisions\/49192"}],"wp:featuredmedia":[{"embeddable":true,"href":"https:\/\/labesaya.com\/es\/wp-json\/wp\/v2\/media\/49162"}],"wp:attachment":[{"href":"https:\/\/labesaya.com\/es\/wp-json\/wp\/v2\/media?parent=49157"}],"wp:term":[{"taxonomy":"product_brand","embeddable":true,"href":"https:\/\/labesaya.com\/es\/wp-json\/wp\/v2\/product_brand?post=49157"},{"taxonomy":"product_cat","embeddable":true,"href":"https:\/\/labesaya.com\/es\/wp-json\/wp\/v2\/product_cat?post=49157"},{"taxonomy":"product_tag","embeddable":true,"href":"https:\/\/labesaya.com\/es\/wp-json\/wp\/v2\/product_tag?post=49157"}],"curies":[{"name":"wp","href":"https:\/\/api.w.org\/{rel}","templated":true}]}}

Estanterías de montaña

<div data-elementor-type="product-post" data-elementor-id="49157" class="elementor elementor-49157" data-elementor-post-type="product">
						<section class="elementor-section elementor-inner-section elementor-element elementor-element-41c1f51a elementor-section-boxed elementor-section-height-default elementor-section-height-default" data-id="41c1f51a" data-element_type="section">
						<div class="elementor-container elementor-column-gap-default">
					<div class="elementor-column elementor-col-50 elementor-inner-column elementor-element elementor-element-14f4738a" data-id="14f4738a" data-element_type="column">
			<div class="elementor-widget-wrap elementor-element-populated">
						<div class="elementor-element elementor-element-65dae8de elementor-widget elementor-widget-image" data-id="65dae8de" data-element_type="widget" data-widget_type="image.default">
				<div class="elementor-widget-container">
															<img decoding="async" src="https://labesaya.com/wp-content/uploads/2024/02/Mountain-Shelves-8-scaled.jpg" title="Mountain-Shelves-8" alt="A hand placing a plant pot on a wooden shelf. Shelf has shape of mountains, with various compartments" loading="lazy" />															</div>
				</div>
					</div>
		</div>
				<div class="elementor-column elementor-col-50 elementor-inner-column elementor-element elementor-element-378bfe8b" data-id="378bfe8b" data-element_type="column">
			<div class="elementor-widget-wrap elementor-element-populated">
						<div class="elementor-element elementor-element-5a1f23d3 elementor-widget elementor-widget-text-editor" data-id="5a1f23d3" data-element_type="widget" data-widget_type="text-editor.default">
				<div class="elementor-widget-container">
									<h2>Muestra lo que te importa</h2><p>Fabricado con madera recuperada, cada estante destaca los nudos naturales, las vetas y las peculiaridades de la madera, proporcionando a tu espacio carácter y una autenticidad única. El uso de materiales recuperados no solo promueve un estilo de vida más sostenible, sino que también garantiza que cada estante cuente con su propia historia.</p>								</div>
				</div>
					</div>
		</div>
					</div>
		</section>
				<section class="elementor-section elementor-top-section elementor-element elementor-element-5e817fda elementor-section-boxed elementor-section-height-default elementor-section-height-default" data-id="5e817fda" data-element_type="section">
						<div class="elementor-container elementor-column-gap-default">
					<div class="elementor-column elementor-col-100 elementor-top-column elementor-element elementor-element-7bd14cf3" data-id="7bd14cf3" data-element_type="column">
			<div class="elementor-widget-wrap elementor-element-populated">
						<section class="elementor-section elementor-inner-section elementor-element elementor-element-6bf68415 elementor-section-boxed elementor-section-height-default elementor-section-height-default" data-id="6bf68415" data-element_type="section">
						<div class="elementor-container elementor-column-gap-default">
					<div class="elementor-column elementor-col-50 elementor-inner-column elementor-element elementor-element-64a7f6e3" data-id="64a7f6e3" data-element_type="column">
			<div class="elementor-widget-wrap elementor-element-populated">
						<div class="elementor-element elementor-element-2d00097f elementor-widget__width-initial elementor-widget elementor-widget-text-editor" data-id="2d00097f" data-element_type="widget" data-widget_type="text-editor.default">
				<div class="elementor-widget-container">
									<h2>Solución versátil</h2><p>Ideal para salón o cualquier habitación que busque una acogedora atmósfera inspirada en la montaña. Estas estanterías ofrecen una solución práctica para organizar y exhibir tus objetos preciados. Ya sea mostrando pequeñas plantas y objetos decorativos en tu salón</p>								</div>
				</div>
					</div>
		</div>
				<div class="elementor-column elementor-col-50 elementor-inner-column elementor-element elementor-element-30244a3" data-id="30244a3" data-element_type="column">
			<div class="elementor-widget-wrap elementor-element-populated">
						<div class="elementor-element elementor-element-33f6a2f2 elementor-widget__width-initial content-align-left the7-hover-visibility-disabled transform-overlay-yes exceeding-frame-yes elementor-widget elementor-widget-the7-image-widget" data-id="33f6a2f2" data-element_type="widget" data-settings="{&quot;hover_visibility&quot;:&quot;disabled&quot;}" data-widget_type="the7-image-widget.default">
				<div class="elementor-widget-container">
					<div class="the7-image-container"><div class="the7-image-wrapper the7-elementor-widget the7-transform-container"><div class="post-thumbnail-rollover layzr-bg img-css-resize-wrapper"><img fetchpriority="high" decoding="async" width="2223" height="2222" src="data:image/svg+xml,%3Csvg%20xmlns%3D&#039;http%3A%2F%2Fwww.w3.org%2F2000%2Fsvg&#039;%20viewBox%3D&#039;0%200%202223%202222&#039;%2F%3E" class="attachment-full size-full preload-me aspect lazy lazy-load" alt="Wall mountains shelf, plant pots, two colors of wood" sizes="(max-width: 2223px) 100vw, 2223px" style="--ratio: 2223 / 2222;" data-src="https://labesaya.com/wp-content/uploads/2024/02/Mountain-Shelves-3.jpg" loading="eager" data-srcset="https://labesaya.com/wp-content/uploads/2024/02/Mountain-Shelves-3.jpg 2223w, https://labesaya.com/wp-content/uploads/2024/02/Mountain-Shelves-3-300x300.jpg 300w, https://labesaya.com/wp-content/uploads/2024/02/Mountain-Shelves-3-1024x1024.jpg 1024w, https://labesaya.com/wp-content/uploads/2024/02/Mountain-Shelves-3-150x150.jpg 150w, https://labesaya.com/wp-content/uploads/2024/02/Mountain-Shelves-3-768x768.jpg 768w, https://labesaya.com/wp-content/uploads/2024/02/Mountain-Shelves-3-1536x1536.jpg 1536w, https://labesaya.com/wp-content/uploads/2024/02/Mountain-Shelves-3-2048x2048.jpg 2048w, https://labesaya.com/wp-content/uploads/2024/02/Mountain-Shelves-3-12x12.jpg 12w, https://labesaya.com/wp-content/uploads/2024/02/Mountain-Shelves-3-1200x1199.jpg 1200w, https://labesaya.com/wp-content/uploads/2024/02/Mountain-Shelves-3-200x200.jpg 200w" /></div></div></div>				</div>
				</div>
					</div>
		</div>
					</div>
		</section>
					</div>
		</div>
					</div>
		</section>
				<section class="elementor-section elementor-inner-section elementor-element elementor-element-704578b5 elementor-section-boxed elementor-section-height-default elementor-section-height-default" data-id="704578b5" data-element_type="section">
						<div class="elementor-container elementor-column-gap-default">
					<div class="elementor-column elementor-col-50 elementor-inner-column elementor-element elementor-element-1338bb7c" data-id="1338bb7c" data-element_type="column">
			<div class="elementor-widget-wrap elementor-element-populated">
						<div class="elementor-element elementor-element-41aab98f elementor-widget elementor-widget-image" data-id="41aab98f" data-element_type="widget" data-widget_type="image.default">
				<div class="elementor-widget-container">
															<img decoding="async" src="https://labesaya.com/wp-content/uploads/2023/09/varnishing.jpeg" title="varnishing" alt="varnishing" loading="lazy" />															</div>
				</div>
					</div>
		</div>
				<div class="elementor-column elementor-col-50 elementor-inner-column elementor-element elementor-element-54eea1bf" data-id="54eea1bf" data-element_type="column">
			<div class="elementor-widget-wrap elementor-element-populated">
						<div class="elementor-element elementor-element-7592221a elementor-widget elementor-widget-text-editor" data-id="7592221a" data-element_type="widget" data-widget_type="text-editor.default">
				<div class="elementor-widget-container">
									<h2>Las cosas buenas duran para siempre</h2>
<p class="translation-block"><span style="color: var(--the7-base-color);letter-spacing: var(--the7-base-letter-spacing);text-transform: var(--the7-base-text-transform)">Para garantizar la longevidad de la estantería, hemos tomado medidas adicionales para proteger la madera recuperada. La superficie está recubierta con un barniz resistente o una cera resistente a la intemperie, lo que la protege contra los elementos. Sin embargo, tenga en cuenta que una exposición excesiva y prolongada al agua todavía puede representar un riesgo para la madera.Para garantizar la longevidad de la estantería, hemos tomado medidas adicionales para proteger la madera recuperada. La superficie está recubierta con un barniz resistente o una cera resistente a la intemperie, lo que la protege contra los elementos. Sin embargo, tenga en cuenta que una exposición excesiva y prolongada al agua todavía puede representar un riesgo para la madera.</p>								</div>
				</div>
					</div>
		</div>
					</div>
		</section>
				</div>

<p>Una pieza de decoración de madera recuperada que aporta un encanto rústico a cualquier espacio. Elaboradas con cuidado y atención al detalle, estas estanterías de madera sirven tanto un propósito funcional como ofrecen un toque distintivo a tu hogar</p>
<p>&#8211; Handcrafted from reclaimed wood<br />
&#8211; Versatile and functional for various spaces<br />
&#8211; Ideal for nursery decor or as a distinctive wall accent</p>
<p>Dimensiones:</p>
<ul>
<li>Width: 82cm (32&#8243;)</li>
<li>Height: 45cm (17.5&#8243;)</li>
<li>Depth: 8cm (3.1&#8243;)</li>
</ul>
